{"id":130,"date":"2024-05-25T17:21:43","date_gmt":"2024-05-25T17:21:43","guid":{"rendered":"https:\/\/agrowomen-edu.eu\/?page_id=130"},"modified":"2025-03-04T20:00:05","modified_gmt":"2025-03-04T20:00:05","slug":"contact","status":"publish","type":"page","link":"https:\/\/agrowomen-edu.eu\/?page_id=130","title":{"rendered":"CONTACT"},"content":{"rendered":"<div class=\"wp-block-image\">\n<figure class=\"aligncenter size-full is-resized\"><img loading=\"lazy\" decoding=\"async\" width=\"578\" height=\"554\" src=\"https:\/\/agrowomen-edu.eu\/wp-content\/uploads\/2024\/05\/1-1.png\" alt=\"\" class=\"wp-image-208\" style=\"width:300px;height:auto\" srcset=\"https:\/\/agrowomen-edu.eu\/wp-content\/uploads\/2024\/05\/1-1.png 578w, https:\/\/agrowomen-edu.eu\/wp-content\/uploads\/2024\/05\/1-1-300x288.png 300w\" sizes=\"auto, (max-width: 578px) 100vw, 578px\" \/><\/figure>\n<\/div>\n\n\n<div style=\"height:25px\" aria-hidden=\"true\" class=\"wp-block-spacer\"><\/div>\n\n\n\n<h2 class=\"wp-block-heading has-text-align-center has-white-color has-text-color has-background has-link-color wp-elements-7b962291b2ee173378606f6a832f7827\" style=\"background-color:#54a206fa;font-size:40px\"><strong>EU Digital AGRO-WomENtrepreneurs<\/strong><\/h2>\n\n\n\n<div style=\"height:100px\" aria-hidden=\"true\" class=\"wp-block-spacer\"><\/div>\n\n\n\n<hr class=\"wp-block-separator has-alpha-channel-opacity is-style-wide\"\/>\n\n\n\n<div style=\"height:40px\" aria-hidden=\"true\" class=\"wp-block-spacer\"><\/div>\n\n\n\n<div class=\"wp-block-media-text is-stacked-on-mobile has-white-background-color has-background\" style=\"grid-template-columns:24% auto\"><figure class=\"wp-block-media-text__media\"><img loading=\"lazy\" decoding=\"async\" width=\"717\" height=\"875\" src=\"https:\/\/agrowomen-edu.eu\/wp-content\/uploads\/2024\/05\/logo-FZZ.jpeg\" alt=\"\" class=\"wp-image-183 size-full\" srcset=\"https:\/\/agrowomen-edu.eu\/wp-content\/uploads\/2024\/05\/logo-FZZ.jpeg 717w, https:\/\/agrowomen-edu.eu\/wp-content\/uploads\/2024\/05\/logo-FZZ-246x300.jpeg 246w\" sizes=\"auto, (max-width: 717px) 100vw, 717px\" \/><\/figure><div class=\"wp-block-media-text__content\">\n<p class=\"has-black-color has-text-color has-link-color has-roboto-font-family wp-elements-b4cef4f27e2517b1e07a301e4f5ecc88\" style=\"font-size:24px\"><strong>Zofia Zamenhof Foundation &#8211; Poland<\/strong><\/p>\n\n\n\n<p class=\"has-black-color has-text-color has-link-color wp-elements-fd5028cef4094d5adfed6a7e621400af\" style=\"font-size:16px\"><strong>Zbigniew D\u0105browski<\/strong> \u2013 the Chairman<\/p>\n\n\n\n<p class=\"has-text-color has-link-color wp-elements-6d0e11dcbbbbf169d390ebb904c7e315\" style=\"color:#0557f1;font-size:16px\"><a href=\"mailto:krzew@libero.it\"><\/a><a href=\"mailto:zbigniew.dabrowski@zofiazamenhof.pl\">zbigniew.dabrowski@zofiazamenhof.pl<\/a><\/p>\n\n\n\n<p class=\"has-black-color has-text-color has-link-color wp-elements-2a0972954ff05def163692c6fada8251\" style=\"font-size:16px\"><strong>Bartosz G\u00f3ras <\/strong>&#8211; Coordinator of the &#8220;Adult Education&#8221; project<\/p>\n\n\n\n<p class=\"has-text-color has-link-color wp-elements-d60e5a88da9f9806fb491b37317fcc06\" style=\"color:#0b57e4;font-size:16px\"><a href=\"mailto:aleksander.wolski@outlook.com\"><\/a><a href=\"mailto:wduranowski@gmail.com\" target=\"_blank\" rel=\"noreferrer noopener\"><\/a><a href=\"mailto:bartosz.goras96@gmail.com\" target=\"_blank\" rel=\"noreferrer noopener\">bartosz.goras96@gmail.com<\/a><\/p>\n\n\n\n<p class=\"has-black-color has-text-color has-link-color wp-elements-6d04ebe144473332b35e593d466e83e2\" style=\"font-size:16px\"><\/p>\n\n\n\n<p class=\"has-black-color has-text-color has-link-color wp-elements-d7a26ae2250a2e6ca8a28a67e05b2337\" style=\"font-size:16px\">Assistant to the Management Board<\/p>\n\n\n\n<p class=\"has-text-color has-link-color wp-elements-08499aa05e430d85d98c0e1b88f11783\" style=\"color:#0741d5;font-size:16px\"><a href=\"mailto:biuro@zofiazamenhof.pl\">biuro@zofiazamenhof.pl<\/a><\/p>\n<\/div><\/div>\n\n\n\n<div style=\"height:40px\" aria-hidden=\"true\" class=\"wp-block-spacer\"><\/div>\n\n\n\n<hr class=\"wp-block-separator has-alpha-channel-opacity is-style-wide\"\/>\n\n\n\n<div style=\"height:40px\" aria-hidden=\"true\" class=\"wp-block-spacer\"><\/div>\n\n\n\n<div class=\"wp-block-media-text is-stacked-on-mobile has-white-background-color has-background\" style=\"grid-template-columns:24% auto\"><figure class=\"wp-block-media-text__media\"><img loading=\"lazy\" decoding=\"async\" width=\"1024\" height=\"1024\" src=\"https:\/\/agrowomen-edu.eu\/wp-content\/uploads\/2024\/05\/EHE-no-background-1024x1024.png\" alt=\"\" class=\"wp-image-181 size-full\" srcset=\"https:\/\/agrowomen-edu.eu\/wp-content\/uploads\/2024\/05\/EHE-no-background-1024x1024.png 1024w, https:\/\/agrowomen-edu.eu\/wp-content\/uploads\/2024\/05\/EHE-no-background-300x300.png 300w, https:\/\/agrowomen-edu.eu\/wp-content\/uploads\/2024\/05\/EHE-no-background-150x150.png 150w, https:\/\/agrowomen-edu.eu\/wp-content\/uploads\/2024\/05\/EHE-no-background-768x768.png 768w, https:\/\/agrowomen-edu.eu\/wp-content\/uploads\/2024\/05\/EHE-no-background-1536x1536.png 1536w, https:\/\/agrowomen-edu.eu\/wp-content\/uploads\/2024\/05\/EHE-no-background.png 2000w\" sizes=\"auto, (max-width: 1024px) 100vw, 1024px\" \/><\/figure><div class=\"wp-block-media-text__content\">\n<p class=\"has-black-color has-text-color has-link-color has-roboto-font-family wp-elements-58327e29fb9ab60275edf9453411566e\" style=\"font-size:24px\"><strong>EHE &#8211;<\/strong> <strong>Germany<\/strong><\/p>\n\n\n\n<p class=\"has-black-color has-text-color has-link-color wp-elements-e9ff46d4da5657d7a7d0d914de6e0e93\" style=\"font-size:16px\">Dr. <strong>Jaroslaw Krzewicki<\/strong> \u2013 the Chairman<\/p>\n\n\n\n<p class=\"has-text-color has-link-color wp-elements-b0b439c82997fd1242d4bea20fa480f2\" style=\"color:#0557f1;font-size:16px\"><a href=\"mailto:krzew@libero.it\">krzew@libero.it<\/a><\/p>\n\n\n\n<p class=\"has-black-color has-text-color has-link-color wp-elements-dcfd3e070bae2ba39b060008ab48ad5f\" style=\"font-size:16px\"><strong>Aleksander Wolski <\/strong>&#8211; EHE Coordinator<\/p>\n\n\n\n<p class=\"has-text-color has-link-color wp-elements-9b2375544dd3e2223399f3689f36f80e\" style=\"color:#0b57e4;font-size:16px\"><a href=\"mailto:aleksander.wolski@outlook.com\">aleksander.wolski@outlook.com<\/a><\/p>\n\n\n\n<p class=\"has-black-color has-text-color has-link-color wp-elements-89b8b67eea4c5f4f388563837ce561e3\" style=\"font-size:16px\">Tel: +49 173 328 2998<\/p>\n\n\n\n<p class=\"has-black-color has-text-color has-link-color wp-elements-6d04ebe144473332b35e593d466e83e2\" style=\"font-size:16px\"><\/p>\n<\/div><\/div>\n\n\n\n<div style=\"height:40px\" aria-hidden=\"true\" class=\"wp-block-spacer\"><\/div>\n\n\n\n<hr class=\"wp-block-separator has-alpha-channel-opacity is-style-wide\"\/>\n\n\n\n<div style=\"height:40px\" aria-hidden=\"true\" class=\"wp-block-spacer\"><\/div>\n\n\n\n<div class=\"wp-block-media-text is-stacked-on-mobile has-white-background-color has-background\" style=\"grid-template-columns:24% auto\"><figure class=\"wp-block-media-text__media\"><img loading=\"lazy\" decoding=\"async\" width=\"576\" height=\"527\" src=\"https:\/\/agrowomen-edu.eu\/wp-content\/uploads\/2024\/05\/165984082_1354894374886024_4676872264562293106_n-e1716975095855.jpeg\" alt=\"\" class=\"wp-image-185 size-full\" srcset=\"https:\/\/agrowomen-edu.eu\/wp-content\/uploads\/2024\/05\/165984082_1354894374886024_4676872264562293106_n-e1716975095855.jpeg 576w, https:\/\/agrowomen-edu.eu\/wp-content\/uploads\/2024\/05\/165984082_1354894374886024_4676872264562293106_n-e1716975095855-300x274.jpeg 300w\" sizes=\"auto, (max-width: 576px) 100vw, 576px\" \/><\/figure><div class=\"wp-block-media-text__content\">\n<p class=\"has-black-color has-text-color has-link-color has-roboto-font-family wp-elements-16ab0973863c191cd024d459ea607576\" style=\"font-size:25px\"><strong>Akademi K\u00fclt\u00fcr Ve E\u011fitim Derne\u011fi<\/strong><\/p>\n\n\n\n<p class=\"has-black-color has-text-color has-link-color wp-elements-6d04ebe144473332b35e593d466e83e2\" style=\"font-size:16px\"><\/p>\n\n\n\n<p class=\"has-black-color has-text-color has-link-color wp-elements-6a479a02157855f45c1f07c61016ef98\" style=\"font-size:16px\"><strong>Susan Avano\u011flu<\/strong> &#8211; English Teacher and president in AKED<\/p>\n\n\n\n<p class=\"has-text-color has-link-color wp-elements-b94d103af65b024ee9f15bddc2fba5a7\" style=\"color:#0b57e4;font-size:16px\"><a href=\"mailto:savanoglu@gmail.com\">savanoglu@gmail.com<\/a>, <\/p>\n\n\n\n<p class=\"has-black-color has-text-color has-link-color wp-elements-7d770692d3259cfad18c3a0587e83de7\" style=\"font-size:16px\">telephone numer +90&nbsp;505&nbsp;728 36 44<\/p>\n\n\n\n<p class=\"has-black-color has-text-color has-link-color wp-elements-6d04ebe144473332b35e593d466e83e2\" style=\"font-size:16px\"><\/p>\n\n\n\n<p class=\"has-black-color has-text-color has-link-color wp-elements-89c9596be85c9cddc42d85f26326b84c\" style=\"font-size:16px\"><strong>Prof. Dr. Adem Y\u0131lmaz<\/strong> &#8211; Coordinator, Akademi K\u00fclt\u00fcr ve E\u011fitim&nbsp;&nbsp;Dernegi (AKED).<\/p>\n\n\n\n<p class=\"has-text-color has-link-color wp-elements-196e705005b71419e0fd0afaf7cd5d24\" style=\"color:#0b57e4;font-size:16px\"><a href=\"mailto:yilmazadem@kastamonu.edu.tr\">yilmazadem@kastamonu.edu.tr<\/a>, <\/p>\n\n\n\n<p class=\"has-black-color has-text-color has-link-color wp-elements-c065a6f8f2428741ac6ee7457c5a9dcf\" style=\"font-size:16px\">telephone numer +90&nbsp;542&nbsp;507 80 30<\/p>\n<\/div><\/div>\n\n\n\n<div style=\"height:40px\" aria-hidden=\"true\" class=\"wp-block-spacer\"><\/div>\n\n\n\n<hr class=\"wp-block-separator has-alpha-channel-opacity is-style-wide\"\/>\n","protected":false},"excerpt":{"rendered":"<p>EU Digital AGRO-WomENtrepreneurs Zofia Zamenhof Foundation &#8211; Poland Zbigniew D\u0105browski \u2013 the Chairman zbigniew.dabrowski@zofiazamenhof.pl Bartosz G\u00f3ras &#8211; Coordinator of the &#8220;Adult Education&#8221; project bartosz.goras96@gmail.com Assistant to the Management Board biuro@zofiazamenhof.pl EHE &#8211; Germany Dr. Jaroslaw Krzewicki \u2013 the Chairman krzew@libero.it Aleksander Wolski &#8211; EHE Coordinator aleksander.wolski@outlook.com Tel: +49 173 328 2998 Akademi K\u00fclt\u00fcr Ve E\u011fitim [&hellip;]<\/p>\n","protected":false},"author":1,"featured_media":29,"parent":0,"menu_order":0,"comment_status":"closed","ping_status":"closed","template":"","meta":{"_regular_price":[],"currency_symbol":[],"footnotes":""},"class_list":["post-130","page","type-page","status-publish","has-post-thumbnail","hentry"],"post_slider_layout_featured_media_urls":{"thumbnail":["https:\/\/agrowomen-edu.eu\/wp-content\/uploads\/2024\/05\/cropped-pexels-akos-szabo-145938-440731-scaled-1-150x150.jpg",150,150,true],"post_slider_layout_landscape_large":["https:\/\/agrowomen-edu.eu\/wp-content\/uploads\/2024\/05\/cropped-pexels-akos-szabo-145938-440731-scaled-1.jpg",1200,146,false],"post_slider_layout_portrait_large":["https:\/\/agrowomen-edu.eu\/wp-content\/uploads\/2024\/05\/cropped-pexels-akos-szabo-145938-440731-scaled-1.jpg",1200,146,false],"post_slider_layout_square_large":["https:\/\/agrowomen-edu.eu\/wp-content\/uploads\/2024\/05\/cropped-pexels-akos-szabo-145938-440731-scaled-1.jpg",1200,146,false],"post_slider_layout_landscape":["https:\/\/agrowomen-edu.eu\/wp-content\/uploads\/2024\/05\/cropped-pexels-akos-szabo-145938-440731-scaled-1.jpg",600,73,false],"post_slider_layout_portrait":["https:\/\/agrowomen-edu.eu\/wp-content\/uploads\/2024\/05\/cropped-pexels-akos-szabo-145938-440731-scaled-1.jpg",600,73,false],"post_slider_layout_square":["https:\/\/agrowomen-edu.eu\/wp-content\/uploads\/2024\/05\/cropped-pexels-akos-szabo-145938-440731-scaled-1.jpg",600,73,false],"full":["https:\/\/agrowomen-edu.eu\/wp-content\/uploads\/2024\/05\/cropped-pexels-akos-szabo-145938-440731-scaled-1.jpg",1600,195,false]},"_links":{"self":[{"href":"https:\/\/agrowomen-edu.eu\/index.php?rest_route=\/wp\/v2\/pages\/130","targetHints":{"allow":["GET"]}}],"collection":[{"href":"https:\/\/agrowomen-edu.eu\/index.php?rest_route=\/wp\/v2\/pages"}],"about":[{"href":"https:\/\/agrowomen-edu.eu\/index.php?rest_route=\/wp\/v2\/types\/page"}],"author":[{"embeddable":true,"href":"https:\/\/agrowomen-edu.eu\/index.php?rest_route=\/wp\/v2\/users\/1"}],"replies":[{"embeddable":true,"href":"https:\/\/agrowomen-edu.eu\/index.php?rest_route=%2Fwp%2Fv2%2Fcomments&post=130"}],"version-history":[{"count":5,"href":"https:\/\/agrowomen-edu.eu\/index.php?rest_route=\/wp\/v2\/pages\/130\/revisions"}],"predecessor-version":[{"id":423,"href":"https:\/\/agrowomen-edu.eu\/index.php?rest_route=\/wp\/v2\/pages\/130\/revisions\/423"}],"wp:featuredmedia":[{"embeddable":true,"href":"https:\/\/agrowomen-edu.eu\/index.php?rest_route=\/wp\/v2\/media\/29"}],"wp:attachment":[{"href":"https:\/\/agrowomen-edu.eu\/index.php?rest_route=%2Fwp%2Fv2%2Fmedia&parent=130"}],"curies":[{"name":"wp","href":"https:\/\/api.w.org\/{rel}","templated":true}]}}